 -2*j - 3*j = z - 38, 3*j - 78 = -i*z. What is the tens digit of z?
2
Suppose 0 = 5*o + 10, 3*s - 6*o - 133 = -o. Let b = -22 + s. What is the units digit of b?
9
Suppose -2*h + 1364 = 4*f, -3436 = 77*h - 82*h + 3*f. What is the tens digit of h?
8
Suppose -3*f = 2*s - 6*f + 7, -4*f = -4*s - 16. What is the tens digit of (-43 + (-3 - s))/((-2)/4)?
8
Let z be 4/1 + 150 + 2. Let h = 220 - z. What is the units digit of h?
4
Suppose 45 = 3*w - 195. Suppose 172 = 4*r - w. What is the units digit of r?
3
Let v(y) = y**3 + 13*y**2 - 3*y + 3. Let s(d) = 10*d - 2. Let m be s(-1). Let l = -1 + m. What is the units digit of v(l)?
2
Let s = -102 - -15. Let j = s + 159. What is the tens digit of j?
7
What is the units digit of (-2)/(-7) + -11 + 103815/105?
8
Suppose -5*l = -2*d - 18, -4*d - 10 = -3*l - 2. Suppose l*s - 9 = 7. Suppose y - 28 = s*o + 19, -5*y = -2*o - 163. What is the units digit of y?
1
Let s(z) = -759*z - 23. What is the hundreds digit of s(-2)?
4
Let b = 15 + 119. What is the hundreds digit of b?
1
Let i(s) = -s**2 - 7*s + 10. Suppose 3*q + 4*b = -20, -3 = q + b + 4. Let v be i(q). What is the units digit of (34/(-51))/(v/(-81))?
7
Let a(i) be the second derivative of 0 - 5/6*i**3 - 2/3*i**4 + 11*i + 13/2*i**2 + 1/20*i**5. What is the units digit of a(9)?
9
Suppose 3*m = 3*f - 1737, -4*f + 4*m - 8*m = -2340. What is the tens digit of f?
8
Let u be ((-1 + 1)/(-2 + 3))/(-3). Suppose -5*b + 5*q = -300, b + 2*q = -u*b + 57. What is the units digit of b?
9
Let n be 32/7 + 12/(-21). Suppose n*a + 3*r + 46 - 239 = 0, 5*r = 15. What is the units digit of a?
6
Suppose 5*j + 5*x - 5 = 0, -3*j - 1 - 6 = -2*x. Let h(z) be the second derivative of -7*z**5/20 + z**2/2 - z. What is the units digit of h(j)?
8
Suppose -3*c + 4*t - 7236 = -7*c, -5*c + t + 9033 = 0. What is the hundreds digit of c?
8
Let o(v) = 3*v**3 - 5*v**2 - v + 12. What is the tens digit of o(7)?
8
Let a = -4 + 0. Let r = 16 + a. What is the units digit of r?
2
Suppose -4*m = 529 + 463. Let a = m + 436. What is the units digit of a?
8
Suppose -i + 3*b + 1273 = i, -b + 649 = i. What is the units digit of i?
4
Let w(i) = -i**2 + i + 1. Suppose 0 = -5*g - r, -2*g = g - 3*r + 18. Let s be w(g). What is the units digit of 0 + 10 - s/(-1)?
9
Let s(u) = u**3 + 19*u**2 - 68*u - 38. Let m be s(-22). Let l(n) = 0*n**3 + 7*n - n + n**3 - 6*n**2. What is the tens digit of l(m)?
3
Suppose 0*v + 8*v = 1648. What is the hundreds digit of v?
2
Let p(g) = -g**3 - 2*g**2 + 5*g + 3. Let c(j) = -j**3 - 5*j**2 + 8*j + 9. Let h be c(-6). Let q be p(h). What is the units digit of (14/4 + q)*4?
2
Suppose -3*p = 0, 0*c - 4*p - 164 = 4*c. Let w = c + 67. Suppose -5*t - 3*i = -60, w = 2*t + i + 3. What is the units digit of t?
9
Suppose 8*h = 3*h + 135. Suppose 181 = 4*g - h. What is the tens digit of g?
5
Suppose 2*n - 6*n + 24 = 0. Suppose 5*y + 240 = 3*a, 0 = -3*a - n*y + y + 210. Suppose a = 2*m + m. What is the tens digit of m?
2
Suppose -4*c + 955 + 1005 = 2*u, -c + 487 = -u. What is the hundreds digit of c?
4
Let z = -511 + 1245. What is the hundreds digit of z?
7
Suppose -4*d + 20 = 0, -2*f + f - 4*d = -25. What is the tens digit of (-5)/(f - -5) - (-814)/4?
0
Let n = 364 + -329. Suppose 0 = 4*f + i + 22 + 51, -4*f - 83 = 3*i. Let d = f + n. What is the units digit of d?
8
Let l(m) = m**2 + 12*m + 2. Suppose n + 41 + 7 = 0. Let c be (1/2)/(2/n). What is the units digit of l(c)?
2
Suppose -4*f + 2*f - 316 = -5*u, -5*f - 3*u = 759. Let y = f - -269. What is the hundreds digit of y?
1
Let l be (1218/12)/((-2)/(-4)). Suppose 4*t = 11*t - l. What is the tens digit of t?
2
Let s = -927 - -2721. What is the hundreds digit of s?
7
Let y = -414 - -847. What is the tens digit of y?
3
What is the units digit of -4*(-11112)/32 - 2?
7
Suppose i = -i + 5*b - 256, 0 = -3*i - 4*b - 384. What is the units digit of (i/(-40))/((-2)/(-10))?
6
What is the hundreds digit of (22/88)/(2/12472)?
5
What is the units digit of ((-288)/(-10))/((-216)/(-105) - 2)?
4
Let m(i) = -i**3 + i**2 + i + 4. Let u be m(0). Let d(j) = -j**2 - 19*j - 32. Let k be d(-17). Let o = k + u. What is the units digit of o?
6
Let l(y) = 15*y - 22. Let o(n) = -45*n + 65. Let z(v) = 10*l(v) + 3*o(v). What is the hundreds digit of z(9)?
1
Let z = -3968 - -5801. What is the tens digit of z?
3
Suppose 3*a - 2233 = 5*l - 3*l, 3*l = -5*a + 3728. What is the tens digit of a?
4
Suppose 0 = -4*k + 4*u + 641 + 1195, -5 = -5*u. What is the tens digit of k?
6
Let t(g) = 49 + 3*g - 46 + 87 - 4*g. What is the units digit of t(0)?
0
Suppose -3*n + 5*n = 5*i + 2887, 2*i - 10 = 0. What is the hundreds digit of n?
4
Let d(o) = o - 11. Let t be d(13). Suppose 6 = 5*f - 0*u - 3*u, -u = t*f - 9. What is the units digit of f?
3
Suppose -5*u - 19 = 141. Let p = 17 + u. What is the units digit of (-8)/5*p/6?
4
Let t = -4 - -10. Let r be ((-52)/39)/((-1)/t). Let c(a) = 5*a - 8. What is the units digit of c(r)?
2
Let q(u) = u + 7. Let l(g) = g**3 + g**2 - 4. Let o be l(0). Let z be q(o). Suppose z*m - 73 - 3 = -2*t, -2*t - 5*m + 72 = 0. What is the tens digit of t?
4
Suppose -12054 = -23*o + 10210. What is the tens digit of o?
6
Let p(y) = 3*y - 12. Suppose 2*b = -5*c + 30, 2*c - 33 = -9*b + 4*b. Let u be p(b). What is the units digit of (-8)/(-4) - (u + -31)?
0
What is the units digit of 760/(-12)*105/(-10)?
5
Let j(i) = -i**3 - 11*i**2 - 12*i - 15. Let t be j(-10). Suppose -5*r + 5 = -t. Suppose r*h - 8 - 16 = 0. What is the tens digit of h?
1
What is the tens digit of 30/(-10) - (-3 + 0)*151?
5
Let h(s) = 14*s - 5. Let v be h(4). What is the units digit of 6/(-14) - v/(-21)?
2
Let d(p) = -p**2 + 8*p - 7. Let i be d(6). Suppose w - 52 = 5*j, -j + 0*j = -i*w - 4. Let r = 24 + j. What is the units digit of r?
3
Let g = -9 - -10. Suppose 4*r = -0*r - 8. What is the units digit of (r + 3)/g*13?
3
Suppose -r = 3*v - 15, 3*v + 116 = 4*r + v. Let c = 4 - 1. Let m = r - c. What is the units digit of m?
4
Let z(f) = -f**2 + 10*f + 10. Let u be z(7). Let g = 55 - u. Suppose -2*n + g = n. What is the units digit of n?
8
What is the units digit of ((-52)/(-8) + -6)/((-1)/(-96))?
8
Let c(b) be the first derivative of b**4/4 - 2*b**3/3 - 5*b**2 + 7*b - 12. What is the units digit of c(6)?
1
Let r(c) be the second derivative of 7*c**4 + c**3/6 - c**2/2 + 4*c. What is the tens digit of r(1)?
8
Let t be (1*(-34)/(-1))/(10/110). Let b = 618 - t. What is the hundreds digit of b?
2
Let q be -2*12/(-32) - (-933)/4. Suppose 6*j = 12*j - q. What is the tens digit of j?
3
Let v = -200 - -224. What is the units digit of v?
4
Suppose 0 = -5*c - 57*c + 160146. What is the thousands digit of c?
2
Let m(z) = -376*z + 173. What is the units digit of m(-6)?
9
Suppose -146 = -3*g - 4*j + 8*j, -2*j - 234 = -5*g. Suppose 0 = 5*i - 2*i - 456. Suppose h - l = 53, -l - i = -2*h - g. What is the tens digit of h?
5
What is the hundreds digit of (-128)/(-8)*84/6?
2
Suppose -2236 = -51*p + 49*p. What is the units digit of p?
8
What is the units digit of (-3274)/(0/1 + -2)?
7
Suppose -8*q + 357 = -3027. What is the hundreds digit of q?
4
Let v(r) be the third derivative of -r**6/120 - r**5/15 + 5*r**4/24 + 3*r**3/2 - 4*r**2. What is the units digit of v(-5)?
9
What is the tens digit of 139 + 2*5/(-20)*6?
3
Let y(u) = -107*u - 11. Let b be y(-7). Let o = -518 + b. Suppose -104 - o = -6*z. What is the tens digit of z?
5
Let c(m) = -m**2 - 2*m + 3. Let r be c(5). Let l be 1/(4/r*-2). Suppose -100 = -l*q + 3*z, 8*q - 3*z - 75 = 5*q. What is the units digit of q?
5
Let d be (5/(-2))/((-10)/8). Suppose d*g - 84 - 110 = 0. What is the tens digit of g?
9
Let a = 527 - 68. What is the units digit of a?
9
Suppose -11*n = -26278 - 10407. What is the tens digit of n?
3
Suppose -5*q + 6 = 1. Let n be q + -3 - (-14 + -1). Let m = n - 10. What is the units digit of m?
3
Let x(s) = -23*s - 97. What is the units digit of x(-23)?
2
Let h(u) = u**2 - 9*u + 3. Let m be h(6). Let q be -5*(m/25 + 0). Suppose q*t = 75 + 84. What is the tens digit of t?
5
Suppose -3988 - 4636 = -7*j. What is the units digit of j?
2
Let y(k) = 4*k**3 + 4*k**2 + k - 7. Let b be y(-7). Let p = -815 - b. What is the tens digit of p/12 + (-1)/4?
3
Suppose 10*x - 6*x = 8. Suppose 6 = x*m - 80. What is the tens digit of m?
4
Suppose 5*x + 29*q - 27*q - 1976 = 0, 